se 15, what is 718ad9 - -86?
718b70
In base 3, what is 21010 - 1111012220002?
-1111012121222
In base 15, what is -c - -8238ec?
8238e0
In base 6, what is 14411 - -241351?
300202
In base 13, what is 31c2c0 - -b?
31c2cb
In base 3, what is 200001021121112 - 0?
200001021121112
In base 11, what is 24340 - -18a1?
26131
In base 3, what is -10001 + -1001102201?
-1001112202
In base 4, what is 11 + -22200323233?
-22200323222
In base 16, what is -2429 + 16c04?
147db
In base 6, what is -423 - -31103051?
31102224
In base 5, what is 1 + -124211243033?
-124211243032
In base 13, what is 25911 + 98?
259a9
In base 8, what is 421 + -12615?
-12174
In base 6, what is 134224320 - -41?
134224401
In base 5, what is -4 + 10434024131?
10434024122
In base 6, what is 2 - -5340212000?
5340212002
In base 5, what is -210011 - -122440?
-32021
In base 2, what is -111100111110011100 - 10111?
-111100111110110011
In base 7, what is 201 - -41431116?
41431320
In base 5, what is -4130142 - 20140?
-4200332
In base 13, what is 222c84 - 5?
222c7c
In base 13, what is -1221a8a + -4?
-1221a91
In base 12, what is 48298a + 163?
482b31
In base 10, what is -3 - 20342615?
-20342618
In base 9, what is 51165888 + -5?
51165883
In base 16, what is -4 - 47f8d1a?
-47f8d1e
In base 7, what is 105646254 + -10?
105646244
In base 2, what is 101011 + 1001011001001101010100011?
1001011001001101011001110
In base 7, what is -105333264 + 13?
-105333251
In base 6, what is 421514245 + -5?
421514240
In base 16, what is -26 + 3dcb5b?
3dcb35
In base 3, what is 10 - 11121010001220?
-11121010001210
In base 10, what is 5 - 799278?
-799273
In base 16, what is -1 + 4d9b9ff?
4d9b9fe
In base 4, what is 2 + -31012000101?
-31012000033
In base 4, what is -1312012 - 2200320?
-10112332
In base 2, what is 101 - 100010101010010000011000011?
-100010101010010000010111110
In base 5, what is -14 + -32014314?
-32014333
In base 2, what is 0 - -101111011011111011010?
101111011011111011010
In base 13, what is -1b87247 + -57?
-1b872a1
In base 11, what is -30 + -661088?
-661108
In base 9, what is -46 + 307012?
306855
In base 4, what is -2212210 - 13231?
-2232101
In base 7, what is -5 + 40400464?
40400456
In base 5, what is 3231 + -1212202?
-1203421
In base 13, what is -a7b - -932aa?
9252c
In base 10, what is -119524 - 343?
-119867
In base 11, what is -5557714 + 2?
-5557712
In base 7, what is 514634325 + -3?
514634322
In base 7, what is 41 + -4634553?
-4634512
In base 12, what is -384b4 - -32a9?
-35207
In base 14, what is 4 - -681a4?
681a8
In base 14, what is -2d + 4add1?
4ada2
In base 10, what is -176 + 7936?
7760
In base 3, what is -2012210 + -102122111?
-111212021
In base 16, what is d0 - 22c8b?
-22bbb
In base 3, what is -12 - 10002220101100211?
-10002220101101000
In base 8, what is 14 - 305757605?
-305757571
In base 2, what is -10111110101100010 - -100011010111?
-10111010010001011
In base 2, what is 111100000000001100100111 - 10?
111100000000001100100101
In base 9, what is 73766 - 1582?
72174
In base 6, what is -1003510 + 30040?
-533430
In base 8, what is -30 + 1520250?
1520220
In base 15, what is 63 - -1d04e?
1d0b2
In base 13, what is 144c0 - -217?
14707
In base 14, what is -13c3 + 34a?
-1077
In base 9, what is -54447 - 855?
-55413
In base 10, what is -2 - -121530426?
121530424
In base 9, what is 636618514 - -1?
636618515
In base 10, what is 178400 - 21?
178379
In base 11, what is -324 - 4830?
-5054
In base 15, what is -612005 + 3?
-612002
In base 10, what is 43757 - 1439?
42318
In base 6, what is 22235410230 + -3?
22235410223
In base 4, what is -21 + 113013120111?
113013120030
In base 8, what is 6 + 7320167?
7320175
In base 6, what is 3 - -15443015?
15443022
In base 6, what is -1314 - -11020132?
11014414
In base 10, what is 86 - 125155?
-125069
In base 10, what is 69 + 4107887?
4107956
In base 2, what is 10101111101101101 - -1101011?
10101111111011000
In base 2, what is 100 - -101011111010100101001101?
101011111010100101010001
In base 14, what is 13d06 + -6c?
13c78
In base 14, what is -2d46076 + 3?
-2d46073
In base 4, what is 223 - -122321202231?
122321203120
In base 6, what is -4 - -24424345?
24424341
In base 3, what is -2 + 122112120021100?
122112120021021
In base 3, what is 10 - 110202012112100?
-110202012112020
In base 10, what is 4224597 - -7?
4224604
In base 13, what is 25a420 - -3a?
25a45a
In base 6, what is -50 + 43453542?
43453452
In base 5, what is 4 + 2233310411?
2233310420
In base 10, what is 51627782 + 4?
51627786
In base 14, what is 19ad9252 + -2?
19ad9250
In base 10, what is -2 + 1111146?
1111144
In base 10, what is -64 - -79016?
78952
In base 3, what is 211001011 - 110011011?
100220000
In base 8, what is 63237 + -22?
63215
In base 16, what is 867880 + 28?
8678a8
In base 14, what is -92a631 + -3?
-92a634
In base 5, what is -22313 - -203144?
130331
In base 10, what is 8511 + 3732?
12243
In base 15, what is -9cc6 + ad?
-9c18
In base 11, what is -199 + 81020a?
810021
In base 3, what is -201 + -11001021210110?
-11001021211011
In base 5, what is 300342 - 1333010?
-1032113
In base 2, what is 11011101 + -10110000011110100?
-10110000000010111
In base 4, what is -2103110101303 + 3?
-2103110101300
In base 2, what is 110010000 + -11100001101001?
-11011011011001
In base 4, what is 120031320100 - 33?
120031320001
In base 13, what is 124 - 13c2?
-129b
In base 12, what is -4 - -74b2084?
74b2080
In base 2, what is 111 + -10111000001001110010?
-10111000001001101011
In base 14, what is 14625 + 6?
1462b
In base 9, what is 2 + 56328057?
56328060
In base 8, what is -50 + 116113?
116043
In base 5, what is 4244 - 43014?
-33220
In base 14, what is -3c860 + -1086?
-3d906
In base 5, what is 142 - -1320221?
1320413
In base 7, what is -1005035 + 232?
-1004503
In base 9, what is -3100330 - 180?
-3100520
In base 10, what is 2 - -19908087?
19908089
In base 15, what is -bb5532 - 6b?
-bb559d
In base 8, what is 3 + 164173715?
164173720
In base 4, what is -22 - -3131112?
3131030
In base 9, what is -4753 + 1687?
-3055
In base 12, what is 531b7694 + 1?
531b7695
In base 4, what is -11311203 + 22233?
-11222310
In base 7, what is -553221 + 3003?
-550215
In base 5, what is -1420432413 + -2?
-1420432420
In base 16, what is 244995 - 0?
244995
In base 3, what is -202001012112 - -1012120?
-201222222222
In base 8, what is -37352 - -23771?
-13361
In base 10, what is -8 - 1785283?
-1785291
In base 16, what is cb9de53 - -1?
cb9de54
In base 13, what is 5 + -1284c32?
-1284c2a
In base 9, what is 140764404 - 0?
140764404
In base 11, what is 21 + -43a48?
-43a27
In base 12, what is bb9 - -41b7?
51b4
In base 5, what is -14 - 1013304003?
-1013304022
In base 14, what is 1b - 192ba57?
-192ba3a
In base 12, what is -bb1 + 1a41?
a50
In base 8, what is -2 - 34221406?
-34221410
In base 6, what is -53241435421 - 5?
-53241435430
In base 4, what is 233110211 - 222?
233103323
In base 2, what is -10 - -100000110100110000001111000?
100000110100110000001110110
In base 5, what is -11221 + -104013240?
-104030011
In base 4, what is -2200203 + 30321?
-2103222
In base 11, what is 3 + 35942606?
35942609
In base 12, what is -4 + -1aa8a06a?
-1aa8a072
In base 12, what is 1810682 - -9?
181068b
In base 16, what is d + 12802a?
128037
In base 14, what is 60aa + -8a10?
-2944
In base 13, what is -164a - -32ac7?
3147a
In base 2, what is 11000 - 11110000111011001?
-11110000111000001
In base 10, what is -46 + -688848?
-688894
In base 3, what is -110 - -220120202212010?
220120202211200
In base 14, what is 7b6c + -2dd?
786d
In base 4, what is 2320303030 + -310?
2320302120
In base 16, what is -4277e - -84?
-426fa
In base 3, what is 0 - -11111000200201?
11111000200201
In base 16, what is 48a57 + f?
48a66
In base 3, what is -21011000 - 212211?
-22000211
In base 12, what is 17889 - -346?
18013
In base 7, what is 2410 + 151050?
153460
In base 9, what is -5 + 372410471?
372410465
In base 10, what is 3173 - -1972?
5145
In base 14, what is 11b213b9 - 1?
11b213b8
In base 4, what is -20110023 - -100133?
-20003230
In base 12, what is 3 - 2301629?
-2301626
In base 5, what is -140011024 - -143?
-140010331
In base 4, what is 2 + -1102011122302?
-1102011122300
In base 7, what is -302 + -230656?
-231261
In base 9, what is 35056405 + 4?
35056410
In base 8, what is -3676700 + 531?
-3676147
In base 7, what is 231116 - -2